{"id":1840,"date":"2023-08-24T09:41:42","date_gmt":"2023-08-24T06:41:42","guid":{"rendered":"https:\/\/uusi.syotteenerapalvelut.fi\/?page_id=1840"},"modified":"2024-01-04T12:40:16","modified_gmt":"2024-01-04T10:40:16","slug":"vastuullisuus-2","status":"publish","type":"page","link":"https:\/\/uusi.syotteenerapalvelut.fi\/index.php\/vastuullisuus-2\/","title":{"rendered":"Vastuullisuus"},"content":{"rendered":"<p>Sy\u00f6tteen er\u00e4palveluiden vastuullisuus pohjautuu hyvinvointiin. Toiminnan l\u00e4ht\u00f6kohtana on, ett\u00e4 koirat, ihmiset ja luonto voivat hyvin. Sy\u00f6tteen er\u00e4palvelut on Jonna ja Janne M\u00e4\u00e4t\u00e4n perheyritys, joka on tarjonnut el\u00e4myksi\u00e4 Sy\u00f6tteell\u00e4 vuodesta 2010.<\/p>\n<h3>El\u00e4inten hyvinvointi on syd\u00e4menasia<span class=\"Apple-converted-space\">\u00a0<\/span><\/h3>\n<p>Sy\u00f6tteen er\u00e4palveluiden koiraperheeseen kuuluu l\u00e4hes 100 koiraa. Koirien hyvinvoinnista pidet\u00e4\u00e4n tarkasti huolta.<\/p>\n<ul>\n<li>Koirilla on lepoajat, jotta saavat tarpeeksi lepoa. Koirien kanssa vietet\u00e4\u00e4n aikaa ja niiden p\u00e4iviin kuuluu my\u00f6s rapsutuksia ja leikki\u00e4.<span class=\"Apple-converted-space\">\u00a0<\/span><\/li>\n<li>El\u00e4kel\u00e4iskoiratkin el\u00e4v\u00e4t kotona loppuun saakka &#8211; koirat pysyv\u00e4t perheess\u00e4 koska ovat parhaita kavereita<\/li>\n<li>Koirien tarha-alue on uudistettu vuosina 2015-2016 turvalliseksi ja terveelliseksi<\/li>\n<li>Toimimme my\u00f6s turvasatamana haasteellisista oloista tulleille koirille, meille on tullut 12 koiraa el\u00e4insuojelun kautta<\/li>\n<li>Koirien hyvinvointi on tarkasti m\u00e4\u00e4ritelty ja toimintatavat kerrotaan asiakkaille. Kerromme mielell\u00e4mme lis\u00e4\u00e4!<\/li>\n<\/ul>\n<h3>Aidosti paikallinen<\/h3>\n<ul>\n<li>Ruoka on meill\u00e4 puhdasta ja paikallista. Tarjoamme itse valmistettuja perinneruokia ja l\u00e4hiruokatuotteita kuten poroa, sieni\u00e4, marjoja, perunoita. Juomavesi on kirkasta ja raikasta!<\/li>\n<li>Teemme aktiivisesti alueellista yhteisty\u00f6t\u00e4 Sy\u00f6tteen kehitt\u00e4miseksi ja k\u00e4yt\u00e4mme muiden paikallisten yritysten palveluita<\/li>\n<li>Sponsoroimme useita erilaisia nuorten ja lasten liikuntaan ja hyvinvointiin liittyvi\u00e4 kohteita alueella. Haluamme laittaa hyv\u00e4n kiert\u00e4m\u00e4\u00e4n!<\/li>\n<\/ul>\n<h3>Ymp\u00e4rist\u00f6\u00e4 kunnioittaen<\/h3>\n<ul>\n<li>Pyrimme hy\u00f6dynt\u00e4m\u00e4\u00e4n kaikki mahdollisuudet kierr\u00e4tt\u00e4miseen ja kaikissa hankinnoissa ja k\u00e4ytt\u00e4miss\u00e4mme tuotteissa on huomioitu kest\u00e4v\u00e4 kehitys. Uutta ostetaan harkitusti ja vanhaa hy\u00f6dynnet\u00e4\u00e4n mahdollisimman pitk\u00e4\u00e4n. Tarjoiluissa k\u00e4ytet\u00e4\u00e4n aina kestoastioita, kertak\u00e4ytt\u00f6astioita ei k\u00e4ytet\u00e4.<\/li>\n<li>V\u00e4henn\u00e4mme energiankulutusta. Vuosina 2020-22 olemme asennuttaneet ilmal\u00e4mp\u00f6pumput kaikkiin kolmeen rakennukseemme, joissa on l\u00e4mmin sis\u00e4tila<\/li>\n<li>Huomioimme arvokkaan luontomme. Esimerkiksi reitist\u00f6t tehd\u00e4\u00e4n moottorikelkalla siten, ettei maastoon j\u00e4\u00e4 j\u00e4lki\u00e4 (huomioidaan lumiolosuhteet), reitist\u00f6t on ennalta sovittuja ja suunniteltuja. Ohjeistamme asiakkaita ja yhteisty\u00f6kumppaneita reittien k\u00e4ytt\u00f6\u00f6n ja toimimaan vastuullisesti luontoymp\u00e4rist\u00f6ss\u00e4.<span class=\"Apple-converted-space\">\u00a0<\/span><\/li>\n<li>Toiminnan keski\u00f6ss\u00e4 on luontoymp\u00e4rist\u00f6n terveytt\u00e4 edist\u00e4v\u00e4t vaikutukset: aktiviteetit tapahtuvat luonnossa ja hyvinvointihoidot kuten turvesauna ammentavat hyvinvointia luonnosta <span class=\"Apple-converted-space\">\u00a0<\/span><\/li>\n<\/ul>\n<p>Kehit\u00e4mme toimintaamme jatkuvasti vastuullisemmaksi ja otamme k\u00e4ytt\u00f6\u00f6n uusia toimintatapoja. \u00a0Olemme mukana <a href=\"https:\/\/www.visitfinland.fi\/liiketoiminnan-kehittaminen\/vastuullinen-matkailu\/sustainable-travel-finland\">Sustainable Travel Finland<\/a> -kehitt\u00e4mispolulla.<span class=\"Apple-converted-space\">\u00a0<\/span><\/p>\n<img loading=\"lazy\" class=\"alignnone  wp-image-1850\" src=\"http:\/\/uusi.syotteenerapalvelut.fi\/wp-content\/uploads\/2024\/01\/stf_merkki.jpg\" alt=\"\" width=\"381\" height=\"192\" srcset=\"https:\/\/uusi.syotteenerapalvelut.fi\/wp-content\/uploads\/2024\/01\/stf_merkki.jpg 1370w, https:\/\/uusi.syotteenerapalvelut.fi\/wp-content\/uploads\/2024\/01\/stf_merkki-300x151.jpg 300w\" sizes=\"(max-width: 381px) 100vw, 381px\" \/>\n<img loading=\"lazy\" class=\"alignnone size-full wp-image-1838\" src=\"http:\/\/uusi.syotteenerapalvelut.fi\/wp-content\/uploads\/2023\/08\/vastuullisuuspolku.jpg\" alt=\"\" width=\"345\" height=\"170\" srcset=\"https:\/\/uusi.syotteenerapalvelut.fi\/wp-content\/uploads\/2023\/08\/vastuullisuuspolku.jpg 345w, https:\/\/uusi.syotteenerapalvelut.fi\/wp-content\/uploads\/2023\/08\/vastuullisuuspolku-300x148.jpg 300w\" sizes=\"(max-width: 345px) 100vw, 345px\" \/>\n<p>&nbsp;<\/p>\n<img loading=\"lazy\" class=\"alignnone wp-image-1847\" src=\"http:\/\/uusi.syotteenerapalvelut.fi\/wp-content\/uploads\/2023\/10\/card_certified_2023_en.jpg\" alt=\"\" width=\"450\" height=\"450\" srcset=\"https:\/\/uusi.syotteenerapalvelut.fi\/wp-content\/uploads\/2023\/10\/card_certified_2023_en.jpg 650w, https:\/\/uusi.syotteenerapalvelut.fi\/wp-content\/uploads\/2023\/10\/card_certified_2023_en-150x150.jpg 150w\" sizes=\"(max-width: 450px) 100vw, 450px\" \/>\n","protected":false},"excerpt":{"rendered":"<p>Sy\u00f6tteen er\u00e4palveluiden vastuullisuus pohjautuu hyvinvointiin. Toiminnan l\u00e4ht\u00f6kohtana on, ett\u00e4 koirat, ihmiset ja luonto voivat hyvin. Sy\u00f6tteen er\u00e4palvelut on Jonna ja Janne M\u00e4\u00e4t\u00e4n perheyritys, joka on tarjonnut el\u00e4myksi\u00e4 Sy\u00f6tteell\u00e4 vuodesta 2010. El\u00e4inten hyvinvointi on syd\u00e4menasia\u00a0 Sy\u00f6tteen er\u00e4palveluiden koiraperheeseen kuuluu l\u00e4hes 100 koiraa. Koirien hyvinvoinnista pidet\u00e4\u00e4n tarkasti huolta. Koirilla on lepoajat, jotta saavat tarpeeksi lepoa. Koirien kanssa&hellip;<\/p>\n","protected":false},"author":2,"featured_media":1372,"parent":0,"menu_order":0,"comment_status":"closed","ping_status":"closed","template":"","meta":[],"lang":"fi","translations":{"fi":1840},"_links":{"self":[{"href":"https:\/\/uusi.syotteenerapalvelut.fi\/index.php\/wp-json\/wp\/v2\/pages\/1840"}],"collection":[{"href":"https:\/\/uusi.syotteenerapalvelut.fi\/index.php\/wp-json\/wp\/v2\/pages"}],"about":[{"href":"https:\/\/uusi.syotteenerapalvelut.fi\/index.php\/wp-json\/wp\/v2\/types\/page"}],"author":[{"embeddable":true,"href":"https:\/\/uusi.syotteenerapalvelut.fi\/index.php\/wp-json\/wp\/v2\/users\/2"}],"replies":[{"embeddable":true,"href":"https:\/\/uusi.syotteenerapalvelut.fi\/index.php\/wp-json\/wp\/v2\/comments?post=1840"}],"version-history":[{"count":4,"href":"https:\/\/uusi.syotteenerapalvelut.fi\/index.php\/wp-json\/wp\/v2\/pages\/1840\/revisions"}],"predecessor-version":[{"id":1851,"href":"https:\/\/uusi.syotteenerapalvelut.fi\/index.php\/wp-json\/wp\/v2\/pages\/1840\/revisions\/1851"}],"wp:featuredmedia":[{"embeddable":true,"href":"https:\/\/uusi.syotteenerapalvelut.fi\/index.php\/wp-json\/wp\/v2\/media\/1372"}],"wp:attachment":[{"href":"https:\/\/uusi.syotteenerapalvelut.fi\/index.php\/wp-json\/wp\/v2\/media?parent=1840"}],"curies":[{"name":"wp","href":"https:\/\/api.w.org\/{rel}","templated":true}]}}