{"id":1863,"date":"2024-04-30T10:16:39","date_gmt":"2024-04-30T07:16:39","guid":{"rendered":"https:\/\/uusi.syotteenerapalvelut.fi\/?page_id=1863"},"modified":"2026-03-20T15:03:28","modified_gmt":"2026-03-20T13:03:28","slug":"monipuolista-kesatekemista","status":"publish","type":"page","link":"https:\/\/uusi.syotteenerapalvelut.fi\/index.php\/monipuolista-kesatekemista\/","title":{"rendered":"Monipuolista kes\u00e4tekemist\u00e4"},"content":{"rendered":"<div>\n<p><!-- Groweo SmartFlow --><\/p>\n<div class=\"gw-smartflow\" id=\"gw-smartflow\">\n<script src=\"https:\/\/engine.groweo.com\/smartFlow\/script.js\" data-cookieconsent=\"ignore\"><\/script><br \/>\n<iframe id=\"6995b72445396d9491679212-6928329a514d73e462ad099d-smartflow-inpage\" \n    src=\"https:\/\/engine.groweo.com\/smartFlow\/?url=https:\/\/engine.groweo.com\/api\/6928329a514d73e462ad099d\/6995b72445396d9491679212&#038;publishUrl=https:\/\/engine.groweo.com\/api\/session\/response&#038;workspaceId=6928329a514d73e462ad099d&#038;moduleId=6995b72445396d9491679212&#038;inPage=true&#038;isPreview=false&#038;language=fi\" \n    lang=\"fi\"\n    title=\"groweoapp - smartflow\"\n    data-apptype=\"smartflow\"\n    data-test-id=\"smartflow-main-iframe\"\n    height=100% width=\"100%\" frameborder=\"0\" scrolling=\"auto\"><br \/>\n    <\/iframe>\n<\/div>\n<p><!-- End of Groweo Smartflow --><\/p>\n<p>Tervetuloa Sy\u00f6tteen kes\u00e4\u00e4n, miss\u00e4 seikkailut odottavat ja muistot syntyv\u00e4t. Meid\u00e4n kes\u00e4palvelumme kuljettavat teid\u00e4t lumoaviin maisemiin Sy\u00f6tteen kansallispuistossa, miss\u00e4 luonto kutsuu tutkimaan ja nauttimaan.<\/p>\n<p>Koe P\u00e4rj\u00e4njoen kiehtova voima rivertubing-retkell\u00e4. Tai ehk\u00e4 haluat uppoutua rauhaan ja kauneuteen meloen Naamankaj\u00e4rven kirkkailla vesill\u00e4, jossa aika hidastuu ja mieli lep\u00e4\u00e4.<\/p>\n<p>Kalastus, huskyt, saunomisen ja turvehoidon lumo \u2013 kaikki t\u00e4m\u00e4 ja enemm\u00e4n odottavat sinua Sy\u00f6tteell\u00e4. Tervetuloa kokemaan kes\u00e4 t\u00e4ysill\u00e4, t\u00e4ynn\u00e4 seikkailua ja lumoa. Odotamme innolla, ett\u00e4 voimme jakaa kanssasi unohtumattomia hetki\u00e4 t\u00e4ss\u00e4 upeassa luonnossa.<\/p>\n<p>&nbsp;<\/p>\n<h4 class=\"xxxmsonormal\"><b><span lang=\"FI\"><img loading=\"lazy\" class=\"alignleft wp-image-1876 size-thumbnail\" src=\"http:\/\/uusi.syotteenerapalvelut.fi\/wp-content\/uploads\/2024\/05\/kanootti_jnaamankajarvi-150x150.jpg\" alt=\"\" width=\"150\" height=\"150\" \/>Kanoottiretki Naamankaj\u00e4rvell\u00e4<\/span><\/b><\/h4>\n<\/div>\n<div>\n<p class=\"xxxmsonormal\"><span lang=\"FI\">Koe Sy\u00f6tteen lumoava luonto j\u00e4rvelt\u00e4 k\u00e4sin. Nauti retkiev\u00e4\u00e4t j\u00e4rven rannalla rentoutuen.<\/span><\/p>\n<\/div>\n<div>\n<p class=\"xxxmsonormal\"><span lang=\"FI\">hinta 70\u20ac\/henkil\u00f6, kesto 2,5 tuntia,\u00a0 4-24 henkil\u00f6\u00e4<\/span><\/p>\n<\/div>\n<div>\n<p class=\"xxxmsonormal\"><span lang=\"FI\">(sis\u00e4lt\u00e4\u00e4 oppaan palvelut, liivit, intiaanikanootti, melat, retkiev\u00e4s)<\/span><\/p>\n<p>&nbsp;<\/p>\n<\/div>\n<div>\n<h4 class=\"xxxmsonormal\"><b><span lang=\"FI\"><img loading=\"lazy\" class=\"alignleft wp-image-1877 size-thumbnail\" src=\"http:\/\/uusi.syotteenerapalvelut.fi\/wp-content\/uploads\/2024\/05\/kanootti_parjanjoki-150x150.jpg\" alt=\"\" width=\"150\" height=\"150\" \/>Kanoottiretki P\u00e4rj\u00e4njoella<\/span><\/b><\/h4>\n<\/div>\n<div>\n<p class=\"xxxmsonormal\"><span lang=\"FI\">Nauti luonnon rauhasta er\u00e4maisen P\u00e4rj\u00e4njoen virroissa meloen.<\/span><\/p>\n<\/div>\n<div>\n<p class=\"xxxmsonormal\"><span lang=\"FI\">Hinta 105\u20ac\/henkil\u00f6, kesto 4-5tuntia, 4-24 henkil\u00f6\u00e4<\/span><\/p>\n<\/div>\n<div>\n<p class=\"xxxmsonormal\"><span lang=\"FI\">(sis\u00e4lt\u00e4\u00e4 oppaan palvelut, liivit, intiaanikanootti, melat, retkiev\u00e4s)<\/span><\/p>\n<p>&nbsp;<\/p>\n<div>\n<h4 class=\"xxxmsonormal\"><b><span lang=\"FI\"><img loading=\"lazy\" class=\"alignleft wp-image-1878 size-thumbnail\" src=\"http:\/\/uusi.syotteenerapalvelut.fi\/wp-content\/uploads\/2024\/05\/rivertubing_2-150x150.jpg\" alt=\"\" width=\"150\" height=\"150\" \/>Rivertubing<\/span><\/b><\/h4>\n<\/div>\n<div>\n<p class=\"xxxmsonormal\"><span lang=\"FI\">Anna virran vied\u00e4! Melo tai anna vain tuubin vied\u00e4 sinut alas er\u00e4maista P\u00e4rj\u00e4njokea pitkin.<\/span><\/p>\n<\/div>\n<div>\n<p class=\"xxxmsonormal\"><span lang=\"FI\">Hinta 80\u20ac\/henkil\u00f6, kesto 2,5 tuntia, 4-12 henkil\u00f6\u00e4<\/span><span style=\"font-family: 'Helvetica Neue LT W01_51488890', apple-system, BlinkMacSystemFont, 'Segoe UI', Roboto, Oxygen, Ubuntu, Cantarell, 'Open Sans', 'Helvetica Neue', sans-serif;\">(sis\u00e4lt\u00e4\u00e4\u00a0 oppaan palvelut, m\u00e4rk\u00e4puvun, liivit, kyp\u00e4r\u00e4n, kuljetuksen)<\/span><\/p>\n<\/div>\n<div>\n<p>&nbsp;<\/p>\n<\/div>\n<\/div>\n<div>\n<p>&nbsp;<\/p>\n<\/div>\n<div>\n<h4 class=\"xxxmsonormal\"><b><span lang=\"FI\"><img loading=\"lazy\" class=\"alignleft wp-image-1865 size-thumbnail\" src=\"http:\/\/uusi.syotteenerapalvelut.fi\/wp-content\/uploads\/2024\/04\/kalastus-150x150.jpg\" alt=\"\" width=\"150\" height=\"150\" \/>Opastettu kalastus<\/span><\/b><\/h4>\n<\/div>\n<div>\n<p class=\"xxxmsonormal\"><span lang=\"FI\">Kalastusta 2-3 hours hinta 55\u20ac\/henkil\u00f6, 4-12hl\u00f6\u00e4<\/span><\/p>\n<\/div>\n<div>\n<p class=\"xxxmsonormal\"><span lang=\"FI\">Kalastusp\u00e4iv\u00e4 5-6 tuntia hinta 95\u20ac\/henkil\u00f6 4-12hl\u00f6\u00e4<\/span><\/p>\n<\/div>\n<div>\n<p class=\"xxxmsonormal\"><span lang=\"FI\">(sis\u00e4lt\u00e4\u00e4 paikallisen kalastusluvan ja valtionkalastuksenhoitomaksun)<\/span><\/p>\n<\/div>\n<p>&nbsp;<\/p>\n<div>\n<h4 class=\"xmsonormal\"><b><span lang=\"FI\"><img loading=\"lazy\" class=\"alignleft wp-image-1879 size-thumbnail\" src=\"http:\/\/uusi.syotteenerapalvelut.fi\/wp-content\/uploads\/2024\/05\/tarhavierailut-150x150.jpg\" alt=\"\" width=\"150\" height=\"150\" \/>Huskytarhavierailu<\/span><\/b><\/h4>\n<\/div>\n<div>\n<p class=\"xmsonormal\"><span lang=\"FI\">Tule tapaamaan hurmaavia huskejamme heid\u00e4n kotonaan.<\/span><\/p>\n<\/div>\n<div><span lang=\"FI\">hinta 15\u20ac\/henkil\u00f6, 1 tunti<\/span><\/div>\n<div><\/div>\n<div>\n<div>\n<p>&nbsp;<\/p>\n<h4><strong><span lang=\"FI\"><img loading=\"lazy\" class=\"alignleft wp-image-1883 size-thumbnail\" src=\"http:\/\/uusi.syotteenerapalvelut.fi\/wp-content\/uploads\/2024\/05\/vaellus-150x150.jpg\" alt=\"\" width=\"150\" height=\"150\" \/>Opastus<\/span><\/strong><\/h4>\n<p><span lang=\"FI\" style=\"font-family: 'Helvetica Neue LT W01_51488890', apple-system, BlinkMacSystemFont, 'Segoe UI', Roboto, Oxygen, Ubuntu, Cantarell, 'Open Sans', 'Helvetica Neue', sans-serif;\">50\u20ac+alv\/tunti (vaellus, sauvak\u00e4vely)<\/span><\/p>\n<\/div>\n<\/div>\n<p>&nbsp;<\/p>\n<p>&nbsp;<\/p>\n<div>\n<div>\n<h4><\/h4>\n<h4 class=\"xmsonormal\"><b><span lang=\"FI\"><img loading=\"lazy\" class=\"alignleft wp-image-1884 size-thumbnail\" src=\"http:\/\/uusi.syotteenerapalvelut.fi\/wp-content\/uploads\/2024\/05\/turve-150x150.jpg\" alt=\"\" width=\"150\" height=\"150\" \/>Sauna-turvehoito <\/span><\/b><\/h4>\n<p class=\"xmsonormal\"><span lang=\"FI\">Romesuvannon er\u00e4k\u00e4mp\u00e4n rantasaunalla<\/span><\/p>\n<\/div>\n<div>\n<p class=\"xmsonormal\"><span lang=\"FI\">Hinta 50\u20ac\/henkil\u00f6, 1-2tuntia (erillismaksusta pyyhkeet,\u201dsauna-ev\u00e4s\u201d ja juoma)<\/span><\/p>\n<p>&nbsp;<\/p>\n<\/div>\n<\/div>\n<div>\n<h4><\/h4>\n<h4 class=\"xmsonormal\"><b><span lang=\"FI\"><img loading=\"lazy\" class=\"alignleft wp-image-1885 size-thumbnail\" src=\"http:\/\/uusi.syotteenerapalvelut.fi\/wp-content\/uploads\/2024\/05\/puuhali-150x150.jpg\" alt=\"\" width=\"150\" height=\"150\" \/>Ohjattu mets\u00e4rentoutus<\/span><\/b><strong><span lang=\"FI\">&#8211; <\/span><span lang=\"FI\">puuhengitys<\/span><\/strong><\/h4>\n<\/div>\n<div>\n<p class=\"xmsonormal\"><span lang=\"FI\">(ohjattu rentoutus, venyttelyt)<\/span><\/p>\n<\/div>\n<div>\n<p class=\"xmsonormal\"><span lang=\"FI\">hinta 50\u20ac\/henkil\u00f6 1-2 tuntia, 4-10 henkil\u00f6\u00e4)<\/span><\/p>\n<p><!-- Groweo Smart Chat --><\/p>\n<div id=\"gw-inpage-form-aktiviteetti\"><\/div>\n<\/div>\n","protected":false},"excerpt":{"rendered":"<p>Tervetuloa Sy\u00f6tteen kes\u00e4\u00e4n, miss\u00e4 seikkailut odottavat ja muistot syntyv\u00e4t. Meid\u00e4n kes\u00e4palvelumme kuljettavat teid\u00e4t lumoaviin maisemiin Sy\u00f6tteen kansallispuistossa, miss\u00e4 luonto kutsuu tutkimaan ja nauttimaan. Koe P\u00e4rj\u00e4njoen kiehtova voima rivertubing-retkell\u00e4. Tai ehk\u00e4 haluat uppoutua rauhaan ja kauneuteen meloen Naamankaj\u00e4rven kirkkailla vesill\u00e4, jossa aika hidastuu ja mieli lep\u00e4\u00e4. Kalastus, huskyt, saunomisen ja turvehoidon lumo \u2013 kaikki t\u00e4m\u00e4 ja&hellip;<\/p>\n","protected":false},"author":2,"featured_media":1865,"parent":0,"menu_order":0,"comment_status":"closed","ping_status":"closed","template":"","meta":[],"lang":"fi","translations":{"fi":1863,"en":1894},"_links":{"self":[{"href":"https:\/\/uusi.syotteenerapalvelut.fi\/index.php\/wp-json\/wp\/v2\/pages\/1863"}],"collection":[{"href":"https:\/\/uusi.syotteenerapalvelut.fi\/index.php\/wp-json\/wp\/v2\/pages"}],"about":[{"href":"https:\/\/uusi.syotteenerapalvelut.fi\/index.php\/wp-json\/wp\/v2\/types\/page"}],"author":[{"embeddable":true,"href":"https:\/\/uusi.syotteenerapalvelut.fi\/index.php\/wp-json\/wp\/v2\/users\/2"}],"replies":[{"embeddable":true,"href":"https:\/\/uusi.syotteenerapalvelut.fi\/index.php\/wp-json\/wp\/v2\/comments?post=1863"}],"version-history":[{"count":15,"href":"https:\/\/uusi.syotteenerapalvelut.fi\/index.php\/wp-json\/wp\/v2\/pages\/1863\/revisions"}],"predecessor-version":[{"id":1923,"href":"https:\/\/uusi.syotteenerapalvelut.fi\/index.php\/wp-json\/wp\/v2\/pages\/1863\/revisions\/1923"}],"wp:featuredmedia":[{"embeddable":true,"href":"https:\/\/uusi.syotteenerapalvelut.fi\/index.php\/wp-json\/wp\/v2\/media\/1865"}],"wp:attachment":[{"href":"https:\/\/uusi.syotteenerapalvelut.fi\/index.php\/wp-json\/wp\/v2\/media?parent=1863"}],"curies":[{"name":"wp","href":"https:\/\/api.w.org\/{rel}","templated":true}]}}